{"id":339,"date":"2020-08-18T13:09:30","date_gmt":"2020-08-18T13:09:30","guid":{"rendered":"https:\/\/i-micro.com\/v6\/?page_id=339"},"modified":"2020-10-14T21:34:07","modified_gmt":"2020-10-15T02:34:07","slug":"servicios","status":"publish","type":"page","link":"https:\/\/i-micro.com\/v6\/servicios\/","title":{"rendered":"Servicios"},"content":{"rendered":"\t\t<div data-elementor-type=\"wp-page\" data-elementor-id=\"339\" class=\"elementor elementor-339\">\n\t\t\t\t\t\t<div class=\"elementor-inner\">\n\t\t\t\t<div class=\"elementor-section-wrap\">\n\t\t\t\t\t\t\t\t\t<section class=\"elementor-section elementor-top-section elementor-element elementor-element-82710d8 elementor-section-boxed elementor-section-height-default elementor-section-height-default\" data-id=\"82710d8\" data-element_type=\"section\">\n\t\t\t\t\t\t<div class=\"elementor-container elementor-column-gap-default\">\n\t\t\t\t\t\t\t<div class=\"elementor-row\">\n\t\t\t\t\t<div class=\"elementor-column elementor-col-100 elementor-top-column elementor-element elementor-element-d7bbf0a\" data-id=\"d7bbf0a\" data-element_type=\"column\">\n\t\t\t<div class=\"elementor-column-wrap elementor-element-populated\">\n\t\t\t\t\t\t\t<div class=\"elementor-widget-wrap\">\n\t\t\t\t\t\t\t\t<\/div>\n\t\t\t\t\t<\/div>\n\t\t<\/div>\n\t\t\t\t\t\t\t\t<\/div>\n\t\t\t\t\t<\/div>\n\t\t<\/section>\n\t\t\t\t<section class=\"elementor-section elementor-top-section elementor-element elementor-element-b957182 elementor-section-boxed elementor-section-height-default elementor-section-height-default\" data-id=\"b957182\" data-element_type=\"section\">\n\t\t\t\t\t\t<div class=\"elementor-container elementor-column-gap-default\">\n\t\t\t\t\t\t\t<div class=\"elementor-row\">\n\t\t\t\t\t<div class=\"elementor-column elementor-col-100 elementor-top-column elementor-element elementor-element-fa82090\" data-id=\"fa82090\" data-element_type=\"column\">\n\t\t\t<div class=\"elementor-column-wrap elementor-element-populated\">\n\t\t\t\t\t\t\t<div class=\"elementor-widget-wrap\">\n\t\t\t\t\t\t<div class=\"elementor-element elementor-element-4990ba5 elementor-widget elementor-widget-heading\" data-id=\"4990ba5\" data-element_type=\"widget\" data-widget_type=\"heading.default\">\n\t\t\t\t<div class=\"elementor-widget-container\">\n\t\t\t<h1 class=\"elementor-heading-title elementor-size-xl\">Servicios<\/h1>\t\t<\/div>\n\t\t\t\t<\/div>\n\t\t\t\t\t\t<\/div>\n\t\t\t\t\t<\/div>\n\t\t<\/div>\n\t\t\t\t\t\t\t\t<\/div>\n\t\t\t\t\t<\/div>\n\t\t<\/section>\n\t\t\t\t<section class=\"elementor-section elementor-top-section elementor-element elementor-element-451e090 elementor-section-boxed elementor-section-height-default elementor-section-height-default\" data-id=\"451e090\" data-element_type=\"section\">\n\t\t\t\t\t\t<div class=\"elementor-container elementor-column-gap-default\">\n\t\t\t\t\t\t\t<div class=\"elementor-row\">\n\t\t\t\t\t<div class=\"elementor-column elementor-col-100 elementor-top-column elementor-element elementor-element-6e3c84e\" data-id=\"6e3c84e\" data-element_type=\"column\">\n\t\t\t<div class=\"elementor-column-wrap elementor-element-populated\">\n\t\t\t\t\t\t\t<div class=\"elementor-widget-wrap\">\n\t\t\t\t\t\t<div class=\"elementor-element elementor-element-a10f7d1 elementor-widget elementor-widget-text-editor\" data-id=\"a10f7d1\" data-element_type=\"widget\" data-widget_type=\"text-editor.default\">\n\t\t\t\t<div class=\"elementor-widget-container\">\n\t\t\t\t\t\t\t\t<div class=\"elementor-text-editor elementor-clearfix\">\n\t\t\t\t<p style=\"text-align: center; font-size: 28px;\">Ingenieria en Microcontroladores Ofrece:<\/p>\n<p style=\"text-align: center; color: #7a7a7a; font-size: 18px;\">Atenci\u00f3n personalizada a cada uno de nuestros Clientes.<\/p>\n<p style=\"text-align: center; color: #7a7a7a;font-size: 18px;\">Asesorias por un grupo calificado de Consultores especializados en el desarrollo de proyectos con Microcontroladores<\/p>\t\t\t\t\t<\/div>\n\t\t\t\t\t\t<\/div>\n\t\t\t\t<\/div>\n\t\t\t\t\t\t<\/div>\n\t\t\t\t\t<\/div>\n\t\t<\/div>\n\t\t\t\t\t\t\t\t<\/div>\n\t\t\t\t\t<\/div>\n\t\t<\/section>\n\t\t\t\t<section class=\"elementor-section elementor-top-section elementor-element elementor-element-3353fd8 elementor-section-full_width elementor-section-height-default elementor-section-height-default\" data-id=\"3353fd8\" data-element_type=\"section\">\n\t\t\t\t\t\t<div class=\"elementor-container elementor-column-gap-default\">\n\t\t\t\t\t\t\t<div class=\"elementor-row\">\n\t\t\t\t\t<div class=\"elementor-column elementor-col-25 elementor-top-column elementor-element elementor-element-6c68899\" data-id=\"6c68899\" data-element_type=\"column\">\n\t\t\t<div class=\"elementor-column-wrap\">\n\t\t\t\t\t\t\t<div class=\"elementor-widget-wrap\">\n\t\t\t\t\t\t\t\t<\/div>\n\t\t\t\t\t<\/div>\n\t\t<\/div>\n\t\t\t\t<div class=\"elementor-column elementor-col-25 elementor-top-column elementor-element elementor-element-14e4922\" data-id=\"14e4922\" data-element_type=\"column\">\n\t\t\t<div class=\"elementor-column-wrap elementor-element-populated\">\n\t\t\t\t\t\t\t<div class=\"elementor-widget-wrap\">\n\t\t\t\t\t\t<div class=\"elementor-element elementor-element-df0d1c8 elementor-widget elementor-widget-image\" data-id=\"df0d1c8\" data-element_type=\"widget\" data-widget_type=\"image.default\">\n\t\t\t\t<div class=\"elementor-widget-container\">\n\t\t\t\t\t\t\t\t<div class=\"elementor-image\">\n\t\t\t\t\t\t\t\t\t\t\t\t<img loading=\"lazy\" decoding=\"async\" width=\"850\" height=\"600\" src=\"https:\/\/i-micro.com\/v6\/wp-content\/uploads\/2020\/09\/fab_prod2-850x600.jpg\" class=\"attachment-img-850-600 size-img-850-600 wp-image-780\" alt=\"\" srcset=\"https:\/\/i-micro.com\/v6\/wp-content\/uploads\/2020\/09\/fab_prod2.jpg 850w, https:\/\/i-micro.com\/v6\/wp-content\/uploads\/2020\/09\/fab_prod2-600x424.jpg 600w, https:\/\/i-micro.com\/v6\/wp-content\/uploads\/2020\/09\/fab_prod2-300x212.jpg 300w, https:\/\/i-micro.com\/v6\/wp-content\/uploads\/2020\/09\/fab_prod2-768x542.jpg 768w\" sizes=\"(max-width: 850px) 100vw, 850px\" \/>\t\t\t\t\t\t\t\t\t\t\t\t\t\t<\/div>\n\t\t\t\t\t\t<\/div>\n\t\t\t\t<\/div>\n\t\t\t\t\t\t<\/div>\n\t\t\t\t\t<\/div>\n\t\t<\/div>\n\t\t\t\t<div class=\"elementor-column elementor-col-25 elementor-top-column elementor-element elementor-element-f3cf055\" data-id=\"f3cf055\" data-element_type=\"column\" data-settings=\"{&quot;background_background&quot;:&quot;classic&quot;}\">\n\t\t\t<div class=\"elementor-column-wrap elementor-element-populated\">\n\t\t\t\t\t\t\t<div class=\"elementor-widget-wrap\">\n\t\t\t\t\t\t<div class=\"elementor-element elementor-element-1e82707 elementor-widget elementor-widget-heading\" data-id=\"1e82707\" data-element_type=\"widget\" data-widget_type=\"heading.default\">\n\t\t\t\t<div class=\"elementor-widget-container\">\n\t\t\t<h1 class=\"elementor-heading-title elementor-size-default\">Fabricaci\u00f3n de Productos<\/h1>\t\t<\/div>\n\t\t\t\t<\/div>\n\t\t\t\t<div class=\"elementor-element elementor-element-3202dd3c elementor-widget elementor-widget-text-editor\" data-id=\"3202dd3c\" data-element_type=\"widget\" data-widget_type=\"text-editor.default\">\n\t\t\t\t<div class=\"elementor-widget-container\">\n\t\t\t\t\t\t\t\t<div class=\"elementor-text-editor elementor-clearfix\">\n\t\t\t\tIngenier\u00eda en Microcontroladores maneja una amplia gama de productos con aplicaci\u00f3n a diferentes enfoques que van desde el ramo de la industria y el desarrollo de prototipos hasta el ramo de la educaci\u00f3n. Contamos con productos basados en microcontroladores (PIC\u2122 y Motorola\u2122 principalmente) tanto como con productos de aplicaci\u00f3n general.\t\t\t\t\t<\/div>\n\t\t\t\t\t\t<\/div>\n\t\t\t\t<\/div>\n\t\t\t\t\t\t<\/div>\n\t\t\t\t\t<\/div>\n\t\t<\/div>\n\t\t\t\t<div class=\"elementor-column elementor-col-25 elementor-top-column elementor-element elementor-element-27ee17d\" data-id=\"27ee17d\" data-element_type=\"column\">\n\t\t\t<div class=\"elementor-column-wrap elementor-element-populated\">\n\t\t\t\t\t\t\t<div class=\"elementor-widget-wrap\">\n\t\t\t\t\t\t<div class=\"elementor-element elementor-element-f70c842 elementor-widget elementor-widget-text-editor\" data-id=\"f70c842\" data-element_type=\"widget\" data-widget_type=\"text-editor.default\">\n\t\t\t\t<div class=\"elementor-widget-container\">\n\t\t\t\t\t\t\t\t<div class=\"elementor-text-editor elementor-clearfix\">\n\t\t\t\t\t\t\t\t\t<\/div>\n\t\t\t\t\t\t<\/div>\n\t\t\t\t<\/div>\n\t\t\t\t\t\t<\/div>\n\t\t\t\t\t<\/div>\n\t\t<\/div>\n\t\t\t\t\t\t\t\t<\/div>\n\t\t\t\t\t<\/div>\n\t\t<\/section>\n\t\t\t\t<section class=\"elementor-section elementor-top-section elementor-element elementor-element-f765d06 elementor-section-full_width elementor-section-height-default elementor-section-height-default\" data-id=\"f765d06\" data-element_type=\"section\">\n\t\t\t\t\t\t<div class=\"elementor-container elementor-column-gap-default\">\n\t\t\t\t\t\t\t<div class=\"elementor-row\">\n\t\t\t\t\t<div class=\"elementor-column elementor-col-25 elementor-top-column elementor-element elementor-element-4fbd5e8\" data-id=\"4fbd5e8\" data-element_type=\"column\">\n\t\t\t<div class=\"elementor-column-wrap\">\n\t\t\t\t\t\t\t<div class=\"elementor-widget-wrap\">\n\t\t\t\t\t\t\t\t<\/div>\n\t\t\t\t\t<\/div>\n\t\t<\/div>\n\t\t\t\t<div class=\"elementor-column elementor-col-25 elementor-top-column elementor-element elementor-element-2363601\" data-id=\"2363601\" data-element_type=\"column\">\n\t\t\t<div class=\"elementor-column-wrap elementor-element-populated\">\n\t\t\t\t\t\t\t<div class=\"elementor-widget-wrap\">\n\t\t\t\t\t\t<div class=\"elementor-element elementor-element-d3c6ead elementor-widget elementor-widget-image\" data-id=\"d3c6ead\" data-element_type=\"widget\" data-widget_type=\"image.default\">\n\t\t\t\t<div class=\"elementor-widget-container\">\n\t\t\t\t\t\t\t\t<div class=\"elementor-image\">\n\t\t\t\t\t\t\t\t\t\t\t\t<img loading=\"lazy\" decoding=\"async\" width=\"850\" height=\"600\" src=\"https:\/\/i-micro.com\/v6\/wp-content\/uploads\/2020\/09\/dis_circ_imp.jpg\" class=\"attachment-large size-large wp-image-777\" alt=\"\" srcset=\"https:\/\/i-micro.com\/v6\/wp-content\/uploads\/2020\/09\/dis_circ_imp.jpg 850w, https:\/\/i-micro.com\/v6\/wp-content\/uploads\/2020\/09\/dis_circ_imp-600x424.jpg 600w, https:\/\/i-micro.com\/v6\/wp-content\/uploads\/2020\/09\/dis_circ_imp-300x212.jpg 300w, https:\/\/i-micro.com\/v6\/wp-content\/uploads\/2020\/09\/dis_circ_imp-768x542.jpg 768w\" sizes=\"(max-width: 850px) 100vw, 850px\" \/>\t\t\t\t\t\t\t\t\t\t\t\t\t\t<\/div>\n\t\t\t\t\t\t<\/div>\n\t\t\t\t<\/div>\n\t\t\t\t\t\t<\/div>\n\t\t\t\t\t<\/div>\n\t\t<\/div>\n\t\t\t\t<div class=\"elementor-column elementor-col-25 elementor-top-column elementor-element elementor-element-fb4eb0c\" data-id=\"fb4eb0c\" data-element_type=\"column\" data-settings=\"{&quot;background_background&quot;:&quot;classic&quot;}\">\n\t\t\t<div class=\"elementor-column-wrap elementor-element-populated\">\n\t\t\t\t\t\t\t<div class=\"elementor-widget-wrap\">\n\t\t\t\t\t\t<div class=\"elementor-element elementor-element-2b4e320 elementor-widget elementor-widget-heading\" data-id=\"2b4e320\" data-element_type=\"widget\" data-widget_type=\"heading.default\">\n\t\t\t\t<div class=\"elementor-widget-container\">\n\t\t\t<h1 class=\"elementor-heading-title elementor-size-default\">Dise\u00f1o de Circuitos Impresos<\/h1>\t\t<\/div>\n\t\t\t\t<\/div>\n\t\t\t\t<div class=\"elementor-element elementor-element-87c0eaa elementor-widget elementor-widget-text-editor\" data-id=\"87c0eaa\" data-element_type=\"widget\" data-widget_type=\"text-editor.default\">\n\t\t\t\t<div class=\"elementor-widget-container\">\n\t\t\t\t\t\t\t\t<div class=\"elementor-text-editor elementor-clearfix\">\n\t\t\t\t<p><span class=\"textoverde\">Ingenier\u00eda en Microcontroladores<\/span> cuenta con un \u00e1rea de dise\u00f1o y fabricaci\u00f3n de tarjetas de circuito impreso (PCB [Printed Circuit Board]). Si cuentas con el dise\u00f1o esquem\u00e1tico (incluso en papel) de tu prototipo y requieres el dise\u00f1o de la tarjeta de circuito impreso y su manufactura con fines de presentaci\u00f3n y\/o implementaci\u00f3n, nosotros te podemos ayudar.<\/p>\t\t\t\t\t<\/div>\n\t\t\t\t\t\t<\/div>\n\t\t\t\t<\/div>\n\t\t\t\t\t\t<\/div>\n\t\t\t\t\t<\/div>\n\t\t<\/div>\n\t\t\t\t<div class=\"elementor-column elementor-col-25 elementor-top-column elementor-element elementor-element-1158556\" data-id=\"1158556\" data-element_type=\"column\">\n\t\t\t<div class=\"elementor-column-wrap\">\n\t\t\t\t\t\t\t<div class=\"elementor-widget-wrap\">\n\t\t\t\t\t\t\t\t<\/div>\n\t\t\t\t\t<\/div>\n\t\t<\/div>\n\t\t\t\t\t\t\t\t<\/div>\n\t\t\t\t\t<\/div>\n\t\t<\/section>\n\t\t\t\t<section class=\"elementor-section elementor-top-section elementor-element elementor-element-d21da7c elementor-section-full_width elementor-section-height-default elementor-section-height-default\" data-id=\"d21da7c\" data-element_type=\"section\">\n\t\t\t\t\t\t<div class=\"elementor-container elementor-column-gap-default\">\n\t\t\t\t\t\t\t<div class=\"elementor-row\">\n\t\t\t\t\t<div class=\"elementor-column elementor-col-25 elementor-top-column elementor-element elementor-element-d90d817\" data-id=\"d90d817\" data-element_type=\"column\">\n\t\t\t<div class=\"elementor-column-wrap\">\n\t\t\t\t\t\t\t<div class=\"elementor-widget-wrap\">\n\t\t\t\t\t\t\t\t<\/div>\n\t\t\t\t\t<\/div>\n\t\t<\/div>\n\t\t\t\t<div class=\"elementor-column elementor-col-25 elementor-top-column elementor-element elementor-element-db98100\" data-id=\"db98100\" data-element_type=\"column\">\n\t\t\t<div class=\"elementor-column-wrap elementor-element-populated\">\n\t\t\t\t\t\t\t<div class=\"elementor-widget-wrap\">\n\t\t\t\t\t\t<div class=\"elementor-element elementor-element-71f8d2f elementor-widget elementor-widget-image\" data-id=\"71f8d2f\" data-element_type=\"widget\" data-widget_type=\"image.default\">\n\t\t\t\t<div class=\"elementor-widget-container\">\n\t\t\t\t\t\t\t\t<div class=\"elementor-image\">\n\t\t\t\t\t\t\t\t\t\t\t\t<img loading=\"lazy\" decoding=\"async\" width=\"750\" height=\"500\" src=\"https:\/\/i-micro.com\/v6\/wp-content\/uploads\/2020\/09\/quienes_somos.jpg\" class=\"attachment-large size-large wp-image-728\" alt=\"\" srcset=\"https:\/\/i-micro.com\/v6\/wp-content\/uploads\/2020\/09\/quienes_somos.jpg 750w, https:\/\/i-micro.com\/v6\/wp-content\/uploads\/2020\/09\/quienes_somos-600x400.jpg 600w, https:\/\/i-micro.com\/v6\/wp-content\/uploads\/2020\/09\/quienes_somos-300x200.jpg 300w\" sizes=\"(max-width: 750px) 100vw, 750px\" \/>\t\t\t\t\t\t\t\t\t\t\t\t\t\t<\/div>\n\t\t\t\t\t\t<\/div>\n\t\t\t\t<\/div>\n\t\t\t\t\t\t<\/div>\n\t\t\t\t\t<\/div>\n\t\t<\/div>\n\t\t\t\t<div class=\"elementor-column elementor-col-25 elementor-top-column elementor-element elementor-element-f0c61eb\" data-id=\"f0c61eb\" data-element_type=\"column\" data-settings=\"{&quot;background_background&quot;:&quot;classic&quot;}\">\n\t\t\t<div class=\"elementor-column-wrap elementor-element-populated\">\n\t\t\t\t\t\t\t<div class=\"elementor-widget-wrap\">\n\t\t\t\t\t\t<div class=\"elementor-element elementor-element-924d5e2 elementor-widget elementor-widget-heading\" data-id=\"924d5e2\" data-element_type=\"widget\" data-widget_type=\"heading.default\">\n\t\t\t\t<div class=\"elementor-widget-container\">\n\t\t\t<h1 class=\"elementor-heading-title elementor-size-default\">Cursos<\/h1>\t\t<\/div>\n\t\t\t\t<\/div>\n\t\t\t\t<div class=\"elementor-element elementor-element-46796c4 elementor-widget elementor-widget-text-editor\" data-id=\"46796c4\" data-element_type=\"widget\" data-widget_type=\"text-editor.default\">\n\t\t\t\t<div class=\"elementor-widget-container\">\n\t\t\t\t\t\t\t\t<div class=\"elementor-text-editor elementor-clearfix\">\n\t\t\t\t<p>Ingenier\u00eda en Microcontroladores cuenta con un conjunto de cursos en diferentes ramos de la ingenier\u00eda aplicada (L\u00f3gica Digital, Microcontroladores PIC, PIC Basic Pro, PIC en Lenguaje C, Dise\u00f1o de Circuitos Asistido por Computadora [Protel], Visual Basic [manejo de puertos], protocolos: RS-232, RS-485, I2C, SPI, One-Wire). Los cursos pueden ser tomados en nuestras instalaciones o pueden ser impartidos tanto en empresas como en instituciones educativas seg\u00fan se requiera. Visita nuestra p\u00e1gina de <a href=\"https:\/\/i-micro.com\/v6\/cursos\/\">CURSOS<\/a>.<\/p>\t\t\t\t\t<\/div>\n\t\t\t\t\t\t<\/div>\n\t\t\t\t<\/div>\n\t\t\t\t\t\t<\/div>\n\t\t\t\t\t<\/div>\n\t\t<\/div>\n\t\t\t\t<div class=\"elementor-column elementor-col-25 elementor-top-column elementor-element elementor-element-7343b25\" data-id=\"7343b25\" data-element_type=\"column\">\n\t\t\t<div class=\"elementor-column-wrap\">\n\t\t\t\t\t\t\t<div class=\"elementor-widget-wrap\">\n\t\t\t\t\t\t\t\t<\/div>\n\t\t\t\t\t<\/div>\n\t\t<\/div>\n\t\t\t\t\t\t\t\t<\/div>\n\t\t\t\t\t<\/div>\n\t\t<\/section>\n\t\t\t\t\t\t\t\t\t<\/div>\n\t\t\t<\/div>\n\t\t\t\t\t<\/div>\n\t\t","protected":false},"excerpt":{"rendered":"<p>Servicios Ingenieria en Microcontroladores Ofrece: Atenci\u00f3n personalizada a cada uno de nuestros Clientes. Asesorias por un grupo calificado de Consultores especializados en el desarrollo de proyectos con Microcontroladores Fabricaci\u00f3n de Productos Ingenier\u00eda en Microcontroladores maneja una amplia gama de productos con aplicaci\u00f3n a diferentes enfoques que van desde el ramo de la industria y el&hellip;&nbsp;<a href=\"https:\/\/i-micro.com\/v6\/servicios\/\" class=\"\" rel=\"bookmark\">Leer m\u00e1s &raquo;<span class=\"screen-reader-text\">Servicios<\/span><\/a><\/p>\n","protected":false},"author":1,"featured_media":0,"parent":0,"menu_order":0,"comment_status":"closed","ping_status":"closed","template":"","meta":{"neve_meta_sidebar":"full-width","neve_meta_container":"","neve_meta_enable_content_width":"on","neve_meta_content_width":100,"neve_meta_title_alignment":"","neve_meta_author_avatar":"","neve_post_elements_order":"","neve_meta_disable_header":"","neve_meta_disable_footer":"","neve_meta_disable_title":"on","footnotes":""},"_links":{"self":[{"href":"https:\/\/i-micro.com\/v6\/wp-json\/wp\/v2\/pages\/339"}],"collection":[{"href":"https:\/\/i-micro.com\/v6\/wp-json\/wp\/v2\/pages"}],"about":[{"href":"https:\/\/i-micro.com\/v6\/wp-json\/wp\/v2\/types\/page"}],"author":[{"embeddable":true,"href":"https:\/\/i-micro.com\/v6\/wp-json\/wp\/v2\/users\/1"}],"replies":[{"embeddable":true,"href":"https:\/\/i-micro.com\/v6\/wp-json\/wp\/v2\/comments?post=339"}],"version-history":[{"count":24,"href":"https:\/\/i-micro.com\/v6\/wp-json\/wp\/v2\/pages\/339\/revisions"}],"predecessor-version":[{"id":1109,"href":"https:\/\/i-micro.com\/v6\/wp-json\/wp\/v2\/pages\/339\/revisions\/1109"}],"wp:attachment":[{"href":"https:\/\/i-micro.com\/v6\/wp-json\/wp\/v2\/media?parent=339"}],"curies":[{"name":"wp","href":"https:\/\/api.w.org\/{rel}","templated":true}]}}